m - 4*h - 1578, -5*m + h + 2895 = 0. What is the remainder when m is divided by 20?
18
Let j(q) = 62*q - 36. What is the remainder when j(1) is divided by 10?
6
Let y = -1287 - -737. Let b = y - -851. Suppose -z = -8*z + b. Calculate the remainder when z is divided by 11.
10
Calculate the remainder when 151 is divided by ((-1638)/(-189))/(2/9).
34
Suppose -2*m = m - 27. Suppose 0*x = 3*x - 15, -2*d - 2*x = -178. Suppose d = 5*l + l. What is the remainder when l is divided by m?
5
Suppose -4*v - 2*k - 2 = 140, 3*k = v + 32. Let f = -24 - v. Suppose 0*p + 21 = 3*p. What is the remainder when f is divided by p?
4
Suppose 2*d + 140 = 4*h + 4*d, 5*h = -d + 178. What is the remainder when 101 is divided by h?
29
Let d = -222 - -175. Let r = 94 - d. Calculate the remainder when r is divided by 37.
30
Let b(o) = 2*o**3 + 8*o**2 - 4*o + 3. Let m = 137 + -62. What is the remainder when m is divided by b(-4)?
18
Let m(d) = 5*d + 9. Let u be 4 + 0 + -4 - -3. What is the remainder when 71 is divided by m(u)?
23
Let t(j) = 7*j**2 + 20*j + 6. What is the remainder when t(-4) is divided by 25?
13
Let q be (-2 + 4)/((-4)/(-8)). Suppose 0 = -4*b + q*y + 40, -4*b + 2*y + y + 44 = 0. Suppose 2*h - 48 - b = 0. What is the remainder when h is divided by 11?
9
Calculate the remainder when 33/((-5 - -11) + -5) is divided by 12.
9
What is the remainder when (-24)/16 + (0 - (-260)/8) is divided by 22?
9
Let f(n) = -5*n**2 + 28*n - 7. Let h be 2*((-11)/(-4) + 1/(-4)). Calculate the remainder when 21 is divided by f(h).
5
Let u = -852 + 863. What is the remainder when 87 is divided by u?
10
Let z be -43 - (1 + (-3 - -3)). Let w = z - -157. Let y = -11 + 40. What is the remainder when w is divided by y?
26
Let j = -106 - -148. Suppose -4*w + 60 = 7*s - 2*s, -4*s + 17 = -3*w. Calculate the remainder when j is divided by (-4)/(s - 4)*-15.
12
Suppose 0 = 3*t + w - 3, 0*w = -t + 2*w + 1. Suppose 4*v + t + 27 = 0. What is the remainder when 69 is divided by ((-24)/v)/(2/14)?
21
Let l = -183 - -143. Let v = -9 - l. Calculate the remainder when 58 is divided by v.
27
What is the remainder when 102 is divided by 37 + 15/(9 + -12)?
6
Suppose 16*y = 21*y - 45. What is the remainder when 6 is divided by 2/y - ((-553)/63 - -4)?
1
Let s = 967 + -950. Suppose 4*b - 12 = -u + 36, 5*u - 140 = 5*b. Calculate the remainder when u is divided by s.
15
Suppose 0 = -11*r + 6*r + 130. Calculate the remainder when 284 is divided by r.
24
Suppose 0*t = -t. Suppose -2*g + 3*g - 21 = t. Calculate the remainder when 20/(-15) + 1 - 1250/(-15) is divided by g.
20
Let r = 503 - 419. Calculate the remainder when 247 is divided by r.
79
Let o(t) = -t**3 + t**2 + 2*t + 9. What is the remainder when (-1 + 1 + -50)/(-1) is divided by o(-2)?
16
Suppose 43*x - 1775 = 18*x. What is the remainder when x is divided by 9?
8
Let y = 44 - 15. Let m be 71 - (-4)/((-20)/15). Suppose s - m = -52. Calculate the remainder when y is divided by s.
13
Suppose 5*t = -2*p + 10, -3*t = -2*p + t + 10. Suppose p*h - 23 - 47 = 0. What is the remainder when 41 is divided by (-3)/((-17)/h + 1)?
13
Suppose -5*h = 4*n - 1248, -3*n + h = -7*n + 1264. Let j = n - 204. Calculate the remainder when j is divided by 38.
37
Let h = -27 - -32. Suppose x - 17 = h*m, -2*m - 6 = m. What is the remainder when 24 is divided by x?
3
Let u(m) = -3*m + 39. What is the remainder when 236 is divided by u(-7)?
56
Suppose -204 = -2*o + 4*f + 38, 650 = 5*o - f. What is the remainder when o is divided by 70?
61
Calculate the remainder when (-239 + -1 + 3)/(-1 + -2) is divided by 60.
19
What is the remainder when 303 is divided by 33 + 28/7 + -6?
24
Calculate the remainder when 28 is divided by (-58)/(-116) - (-30)/4.
4
Suppose 0 = -5*m + 210 + 75. Suppose 4*p = 3*j - 4, 2*p + 0 + 2 = -4*j. Calculate the remainder when m is divided by (2/(-4))/(p/30).
12
Suppose 0*b + 18 = 3*b. Let m be (-1)/(-3) - 98/(-21). Suppose -b*s + 266 = -2*s - 2*w, 3*s - m*w = 196. What is the remainder when s is divided by 14?
11
Suppose 0 = 3*y + 4*u - 31, 0 = -y - 2*u - 2 + 11. Suppose 0*c + 4*c = 144. Calculate the remainder when c is divided by y.
10
Let b(c) = 16*c**2 - 6*c + 10. Let q(k) = -5*k**2 + 2*k - 3. Let t(v) = -3*b(v) - 10*q(v). What is the remainder when t(4) is divided by 7?
3
Suppose -4*j + 2 - 18 = 0. Let f = j - -4. Suppose f + 33 = w. Calculate the remainder when w is divided by 12.
9
Let u(d) = -d**2 + 13*d - 4. Let y be u(12). Suppose 0 = y*z - 3*z - 115. What is the remainder when 66 is divided by z?
20
Suppose -3*c + 5*x = -50, x - 2 = -3. Let h(o) = o**2 - o - 262. Calculate the remainder when h(18) is divided by c.
14
Let g(w) = 7*w**2 + w - 5. Let v be g(-3). Calculate the remainder when ((-198)/45)/((-2)/v) is divided by 31.
28
Let d = 21 - 12. Let a = 86 + -52. Suppose 4*i - a = 3*i. What is the remainder when i is divided by d?
7
Let x(h) = -h**2 + 4. Let z be x(0). Let y = 10 + z. What is the remainder when 0 + (-2 - (0 + -41)) is divided by y?
11
Suppose 20 = -0*y + 4*y. Let s = y + 9. Suppose -234 = -3*a + 7*t - 12*t, t = 3*a - 198. What is the remainder when a is divided by s?
12
Let r be 356/(3/(-2) + (0 - -1)). What is the remainder when (-4)/(-6) - r/12 is divided by 22?
16
Calculate the remainder when (-138)/(-2) + (4 - 0)*1 is divided by 15.
13
Let p be -3 - (3*75)/(-5). Suppose -58 = -2*b - p. What is the remainder when 39 is divided by b?
7
Let i = 23 + -1. Let q = -6 - -14. Calculate the remainder when -3*i*(-3)/9 is divided by q.
6
Suppose -z - 3*i = -9 - 1, 3*i + 9 = 0. What is the remainder when 49 is divided by z?
11
Suppose 2*r = -r. Let v be r - (4 - 84)/4. Let n = v - 7. Calculate the remainder when n is divided by 4.
1
Calculate the remainder when 10 is divided by (-2)/11 + 598/143.
2
Let r = -352 + 409. Let h(k) = 2*k**3 - 2*k**2 + k - 4. Let a be h(3). Suppose 2*t - a = r. Calculate the remainder when t is divided by 8.
6
Suppose 5*q = -p + 41, 3*q + 26 = 2*p - q. Let r = 21 + -11. What is the remainder when p is divided by 3 - r/(0 - 2)?
5
Let v(g) be the first derivative of -3*g**2/2 - 14*g + 17. What is the remainder when 12 is divided by v(-7)?
5
Let q(n) = 8*n**2 + 10*n + 62. What is the remainder when q(-5) is divided by 73?
66
Suppose -4*c + 4311 = u, -28*c - 4*u = -25*c - 3243. What is the remainder when c is divided by 30?
27
Let z = 167 - 292. Let x = z + 190. Suppose 0*s = 3*s - 66. Calculate the remainder when x is divided by s.
21
Suppose 0*v - 4*n + 11 = 5*v, -4*v - 2*n = -10. Suppose 3*p + 550 = -v*w + 8*w, -5*p - 427 = -4*w. What is the remainder when w is divided by 29?
26
Let c(f) = -f**3 - 10*f**2 + 7*f + 14. Suppose -4*o - 29 = -89. What is the remainder when c(-11) is divided by o?
13
Let x be (320/(-24))/(-8)*(21 + 0). Let h = 2 - -13. Calculate the remainder when 11*5 - (x + -35) is divided by h.
10
Let q = 672 + -652. Calculate the remainder when 122 is divided by q.
2
What is the remainder when 23 is divided by ((-4)/4)/((-3)/(-11))*-3?
1
Suppose -3*g - 480 = -5*r, -r - 11*g + 7*g = -119. What is the remainder when r is divided by 98?
1
Let i(v) = -v**3 + 4*v**2 + v - 2. Let h be i(3). What is the remainder when 14 is divided by (1 + 1)/(h/20)?
2
Let q be (136/(-24))/(2/(-18)). Let x = 56 - q. What is the remainder when 46 is divided by x?
1
Suppose 0 = -5*a + 3*p + 562, 0*a + 2*p + 450 = 4*a. Suppose a = -4*b + 7*b - 4*v, -135 = -5*b - 4*v. What is the remainder when b is divided by 16?
15
Let z(j) = -j**3 - 2*j**2 + 5*j + 2. Let r(i) = -i**2 + 2*i - 1. Let n be r(4). Calculate the remainder when z(-4) is divided by (3 - -5) + (1*n)/3.
4
What is the remainder when (-8)/(-1)*((-215)/(-10))/1 is divided by 29?
27
Suppose 95*h - 2059 = 24*h. Calculate the remainder when (-2 + -6*2)*-4 is divided by h.
27
Suppose -4*t = 2*s + 4, 7*t - 2*t = s + 2. What is the remainder when 58 is divided by (-42)/(-3) - (-3 + t - -1)?
10
Let z(b) = -2*b**2 - 4*b - 3. Let x(f) = f**2 + 2*f + 1. Let g(q) = -5*x(q) - 3*z(q). What is the remainder when g(-3) is divided by 5?
2
Let k be 2/3 - 4/(-3). Let w(t) = k + 0*t - t + 0*t. What is the remainder when 33 is divided by w(-10)?
9
Suppose 3*g = -3*i + 4*g + 4, -g = i + 4. Suppose 0 = 7*y - i*y + 735. What is the remainder when y/(-1) + 3 - -1 is divided by 28?
25
Let m(